ded by o - (-25 + 2 + 0).
20
Let o = -61 + 65. Suppose -7 - 15 = -2*r. What is the remainder when r is divided by o?
3
Suppose 0 = -3*n - 2*j - 0*j + 66, 4*j + 22 = n. Calculate the remainder when n is divided by 13.
9
Let s(l) = l**3 + 8*l**2 - 10*l + 1. Let a = 1 + -1. Calculate the remainder when s(-9) is divided by 2 + a/(-1) - -2.
2
Suppose 82 = 9*h - 98. What is the remainder when 35 is divided by h?
15
What is the remainder when (-2)/((-2)/1) + 30 is divided by 17?
14
Let t = -4 - -119. Suppose 0 = 5*a - t - 90. Calculate the remainder when a is divided by 11.
8
Let k = -71 + 131. Let s = -40 + k. Calculate the remainder when s is divided by 8/12 - 31/(-3).
9
Let f(d) = 2*d + 1. Let u be f(2). Suppose 188 = u*r - 5*l + 63, 0 = l + 3. Calculate the remainder when r is divided by 6.
4
Suppose 9*m = 6*m + 12. What is the remainder when 19 is divided by m?
3
Let c(m) = -m**2 + 20*m + 42. Calculate the remainder when c(17) is divided by 24.
21
Let a be -3 - -5 - (0 - 0). Suppose 3*w + 4*h - 90 - 12 = 0, -a*w + 61 = 5*h. Calculate the remainder when w is divided by 13.
12
Let a(b) = 2*b**2 + 2*b + 3. Calculate the remainder when a(-5) is divided by 16.
11
What is the remainder when (4440/(-14))/(-2) - (-56)/(-98) is divided by 32?
30
Let v(h) = -61*h - 96. Let b = 2 + -3. What is the remainder when v(-2) is divided by 3*b/2*-6?
8
Suppose r = 5*y - 108, 2*y - 4*r - 57 = r. Calculate the remainder when y is divided by 11.
10
What is the remainder when 119 is divided by 3 + (1*-8)/4 - -29?
29
Let c = -3 - 75. Let i = c + 118. Suppose 0 = 2*w + 3*x - 0*x - i, 3*w - 66 = -3*x. Calculate the remainder when w is divided by 9.
8
Suppose -3*g - 5*f = -253, -2*g + 2*f + 0*f = -142. Suppose q + g = 3*q. Calculate the remainder when q is divided by 30/15*(-26)/(-4).
12
Let h(d) = -5*d**3 - d. Let j be h(-2). Let b(a) = -a**2 + 3*a + 4. Let m be b(4). Suppose 2*s - j = -m*s. What is the remainder when 40 is divided by s?
19
Let j(p) = -p**2 - 8*p - 4. Let c = 5 - -10. Calculate the remainder when c is divided by j(-6).
7
Suppose -2*a = -3*x - 383 - 2094, 3*x - 3*a = -2478. Let c = 0 + -6. What is the remainder when 62 is divided by x/(-39) - c/(-39)?
20
Let o = 16 - 70. Calculate the remainder when (-26)/(-4)*o/(-9) is divided by 10.
9
Let w(g) = -g**3 - g**2 - g - 2. Let o be w(0). What is the remainder when 6 is divided by 1/o + 27/6?
2
Let x = 98 - 30. Calculate the remainder when x is divided by 12.
8
Suppose -8*p = -67 - 53. Let q = 33 + 25. Calculate the remainder when q is divided by p.
13
Let w(r) = -r**3 - 11*r**2 + 24*r - 9. Suppose 79 = 3*y - 4*v, 0 = 3*y + 4*v - 75 - 44. Calculate the remainder when y is divided by w(-13).
16
Suppose -5*m = -7*m + 52. Calculate the remainder when 76 is divided by m.
24
Suppose 7*u + 3*g - 23 = 3*u, -2*g - 3 = -u. Calculate the remainder when 29 is divided by u.
4
Let d(z) = 3*z + 4. Let c = 4 + -8. Let g be d(c). Calculate the remainder when 4 is divided by 8/5 - g/20.
0
Let a = 29 + -68. Let t = -26 - a. What is the remainder when 38 is divided by t?
12
Let n(m) = 2*m. Let g be n(2). Suppose 0 = -2*i - p + 63, 0*i + i - 21 = -g*p. Calculate the remainder when i is divided by 12.
9
Let r(p) = 4*p**2 - 10*p - 10. Let f be r(-7). Let l = -169 + f. Suppose 0 = 2*a + m - l, -4*a - 5*m = -143 - 40. What is the remainder when a is divided by 15?
12
Let i = 51 - 40. What is the remainder when 19 is divided by i?
8
Let z(o) = o**3 - 4*o**2 + 2*o - 5. Suppose 3*r - 54 = -2*y, -2*y - 89 = -4*r + y. What is the remainder when z(6) is divided by r?
19
Suppose 3*t = -t + 3*b + 11, 5*b - 10 = t. Suppose 6 - 136 = -t*q. What is the remainder when q is divided by 9?
8
Let k = -171 - -274. Let a(y) = -12*y - 34. What is the remainder when k is divided by a(-5)?
25
Suppose -5*i + 35 + 150 = 0. Let f = i - 26. What is the remainder when 1/4 - (-119)/4 is divided by f?
8
Let r = 3 + -3. Suppose r = -3*h + 4*h - 3. Suppose 0 = -x - h*x + 8. What is the remainder when 3 is divided by x?
1
Suppose -15 = 5*b, -2*m - m - 3 = 3*b. Suppose 4*f + j - 93 = 0, -m*f + 113 = 2*f + 5*j. What is the remainder when f is divided by 8?
6
Let z(s) be the second derivative of -s**5/10 + s**4/6 - s**3/6 - s**2/2 + 2*s. What is the remainder when z(-2) is divided by 9?
7
Let s(m) = -m**2 + 9*m + 2. Let d(k) = 7*k**2 + 2*k + 1. Let c be d(-1). Calculate the remainder when 38 is divided by s(c).
18
Suppose 3 = -3*i + 27. Calculate the remainder when 29 - (-7)/(14/i) is divided by 7.
5
Suppose 0 = -5*d + 10 + 10. Suppose -2*m + 14 = 4*c, d*m - c + 3 - 13 = 0. Calculate the remainder when m is divided by 3.
0
Suppose 41 - 9 = -v. Let f be 88/v*(-39 - 1). Calculate the remainder when 8/28 - f/(-7) is divided by 6.
4
Let q(r) = -6*r + 2. Let g(j) = j**2 + 4*j - 8. What is the remainder when q(-2) is divided by g(-6)?
2
Let o = 3 + 3. What is the remainder when 9 is divided by o?
3
Suppose 0*p - 50 = -5*p. Suppose 2*h = 2*r - 2*h - p, -20 = -4*r - 3*h. What is the remainder when 14 is divided by r?
4
Suppose -13 = -x + 2*z - 7*z, x - 7 = z. What is the remainder when 10 is divided by ((-9)/(-12) + 0)*x?
4
Suppose -4*n - n + 20 = 0. Let i = 201 + -187. Calculate the remainder when i is divided by n.
2
Let x(a) = 15*a**3 - a**2. Suppose w - 39 = -4*b, -5*w + b = -0*b - 132. Calculate the remainder when w is divided by x(1).
13
Calculate the remainder when 40 is divided by (-2 - ((-8)/(-3))/1)*-3.
12
Let u = 6 - 3. Suppose 5*l = -3*q + 44, -u*l + 22 - 2 = 5*q. Let a = 10 + -4. Calculate the remainder when l is divided by a.
4
Let b = 58 - -35. Calculate the remainder when b is divided by 12.
9
Let s = -40 + 54. Calculate the remainder when 48 is divided by s.
6
Let t(v) = -v**2 - 11*v + 12. Let z be t(-12). Suppose -4*b - 16 = z, -3*i + 63 = -3*b - 0*b. Calculate the remainder when 66 is divided by i.
15
Suppose 55 = 4*f + 3*a, 2*f - 29 = -2*a - 3. What is the remainder when f is divided by 7?
2
Calculate the remainder when (148/6)/(4/18) is divided by 19.
16
Suppose 4*l = -2*x + 2*l + 18, 12 = 3*l. Calculate the remainder when 22 is divided by x.
2
Let d = 23 + 56. Suppose -31 + 4 = -5*w + 3*l, 4*l = -3*w - 7. Suppose c + 107 = 4*r, -7*c + 3*c = w*r - 85. Calculate the remainder when d is divided by r.
25
Let s = 83 - 9. Calculate the remainder when s is divided by 15.
14
Suppose 0 = 5*b + 20, -k - 2*k - 5*b - 5 = 0. Let l(f) = f - 1. Calculate the remainder when 14 is divided by l(k).
2
Suppose -16*g + 888 = -4*g. What is the remainder when g is divided by 23?
5
Let t(u) = -u**3 - 4*u**2 - 4*u - 2. Suppose 2*g - 2*i - 6 = 2*i, -5*i = 5*g. What is the remainder when t(-3) is divided by g?
0
Suppose -5*y = -5*i + 90, -5*i + 82 = -3*y - 16. Calculate the remainder when (-40)/(-20) + (60 - -2) is divided by i.
20
Let c be ((-27)/15)/((-1)/5). Suppose c*o + 84 = 13*o. Calculate the remainder when 39 is divided by o.
18
Suppose f = -3*p - 7, 3*f - f = p + 21. Calculate the remainder when 52 is divided by f.
4
Suppose -76 = -4*n - 4*i, 4*n - 38 = i + 18. Calculate the remainder when 88 is divided by n.
13
Let b(s) = -s + 1 + 16*s**3 + 2*s**2 + 6*s**3 - s**2. Calculate the remainder when b(1) is divided by (-4)/(-6)*18/1.
11
Suppose -4*l + 270 - 46 = 0. Let j be 1 + (3 - (0 - -3))/2. Calculate the remainder when (l + (-3)/1)/j is divided by 14.
11
Suppose -9*r = -5*r + o - 559, -5*o + 539 = 4*r. What is the remainder when r is divided by 16?
13
Let z be (-1)/((-3)/(-27)*3). What is the remainder when 12 is divided by (-2 - -10) + z/3?
5
Suppose -r + 1 + 0 = 0. Suppose 0 = 2*b - 17 - 3. Calculate the remainder when r is divided by (0 - -2)*5/b.
0
Suppose 169 = -2*c + 3*y, -2*y - 155 - 277 = 5*c. Let h = 144 + c. Calculate the remainder when h is divided by 20.
18
Let d = -3 - -15. What is the remainder when (8 - 2)/(2/11) is divided by d?
9
Let h(d) = -9*d - 4. Calculate the remainder when 88 is divided by h(-3).
19
Suppose -9*w + 7*w = -28. Suppose -7 + 61 = 2*j. What is the remainder when j is divided by w?
13
Let n = -17 + 22. Let j(w) = 4*w - 11. What is the remainder when 43 is divided by j(n)?
7
Suppose 2*o - 84 = 22. What is the remainder when o is divided by 18?
17
Suppose 5*c - 520 = -0*c. What is the remainder when c is divided by 15?
14
Let b(g) = -20